-f + 29 = -5*n. Calculate the highest common factor of f and 40.
8
Suppose 37*q = 24*q + 10660. What is the greatest common divisor of q and 10?
10
Let c(m) = 96*m + 560. Let q be c(0). What is the highest common factor of 16 and q?
16
Let w = 9 + -8. Suppose -w = -5*a + 9. Suppose 0 = -a*z + 3*z - 10. What is the greatest common factor of z and 40?
10
Let n = -368 + 518. Calculate the greatest common divisor of n and 6.
6
Let b be (-4)/14 + (-1118)/(-91). Suppose -4*p - b = -5*p. What is the highest common divisor of p and 96?
12
Let k = 13 + -4. Calculate the greatest common factor of k and 129.
3
Suppose -90*z + 95*z = c - 210, -z = -4*c + 859. What is the greatest common factor of c and 172?
43
Suppose -2*m = 4*u + 119 + 67, 0 = 2*m + 3*u + 184. Let a = m - -24. Let z = -39 - a. What is the highest common factor of z and 104?
26
Suppose 0 = z + 4*u - 320, -4*u + 418 = 4*z - 898. Calculate the highest common divisor of 249 and z.
83
Suppose 4*k - k - 15 = 0. Suppose -37 = -k*n + 88. Suppose 265 - n = x. What is the greatest common factor of x and 30?
30
Suppose -10850 = -9*u - 2300. What is the highest common factor of 38 and u?
38
Suppose -3*l + 2*o = -48 + 8, 3*o = -3*l + 45. Suppose -j + 5*j + 8 = 0, 5*w - 488 = -j. What is the greatest common divisor of l and w?
14
Suppose -6*z + 10*z + 556 = 4*p, 5*z - 285 = -2*p. What is the greatest common divisor of p and 100?
20
Suppose -12*k + 1971 = -1989. Suppose 5*p + 4*d - 150 = 3*d, 0 = 2*d. What is the greatest common divisor of p and k?
30
Let b be (3 - 4)*-26 - 1. Suppose -m + 19 = 3*z, -6*z - 33 = -11*z - 2*m. Let s = z + b. Calculate the highest common factor of s and 120.
30
Suppose 2*l = -3*p + 16, 5*l = 3*p - 0*p + 19. Let s be 15 - (l + -2 + 1). Calculate the highest common divisor of 55 and s.
11
Suppose 64 = -2*y + 5*d - 38, 4*y + 182 = -d. Let o be y + 4 + -7 + 2. Let b = -29 - o. Calculate the highest common factor of 18 and b.
18
Suppose 23*d = -10 + 56. Calculate the greatest common divisor of 67 and d.
1
Let l be 5/(-70)*-2942 - 8/56. What is the highest common divisor of 30 and l?
30
Let d be (-8)/(-6) - (-602)/21. Calculate the greatest common factor of 20 and d.
10
Suppose 90 = -5*k + 11*k. Let w(y) = -y**2 - 4*y + 5. Let v be w(-4). Let t(p) = 4*p**2 + 3*p + 5. Let n be t(v). What is the highest common divisor of n and k?
15
Let j be 2/((-4)/(8/(-4))) - -209. Let u = -140 + j. Calculate the greatest common divisor of u and 14.
14
Let n be ((-16)/6)/((-1)/12). Suppose -39*j + 18*j = -672. What is the greatest common divisor of j and n?
32
Suppose 5*b + 5*v = 825, -5*b + v = -b - 660. What is the greatest common factor of 220 and b?
55
Suppose 38 = -5*s - 122. Let j be (-8)/(-2) - (5 + 27). Let r = j - s. What is the greatest common divisor of 28 and r?
4
Let i(g) = 2*g**3 - 5*g**2 + 6*g - 1. Suppose 33 = 4*f + 21. Let z be i(f). What is the greatest common factor of 234 and z?
26
Suppose -3*k - 74 = -4*y, 7*k + 61 = 3*y + 2*k. What is the greatest common factor of 323 and y?
17
Suppose 18 = -5*n - 2. Let k be 28 + 3/(n - -3). What is the highest common factor of 25 and k?
25
Let o(x) = -106*x**2 + 2*x + 3. Let s be o(-1). Let i be s/(-3 + 0 + 2). What is the greatest common factor of 35 and i?
35
Let u(g) = -29*g - 16. Let q be u(-3). Let t = 86 - q. What is the greatest common divisor of 105 and t?
15
Let r = -63 + 75. Suppose 5*q + 6 = -3*p + 189, -4*q - p + 145 = 0. Calculate the highest common divisor of q and r.
12
Suppose 16*j - 24*j = -480. Suppose j = 4*t - 4. Calculate the greatest common factor of 4 and t.
4
Let n = 2 - 8. Let u = n - -9. What is the greatest common divisor of u and 1?
1
Let j = -164 + 340. Calculate the highest common divisor of j and 198.
22
Let v be (616/(-385))/((-14)/(-15) - 1). What is the greatest common divisor of 84 and v?
12
Let q = -1 + 4. Suppose q*u + 22 + 202 = 2*r, -u = r - 112. What is the highest common divisor of 14 and r?
14
Let y = 2 + 2. Suppose b + y = -0. Let s be 3/(b/4) - -22. What is the greatest common factor of 76 and s?
19
Let x(r) = -r**3 - 5*r**2 - 7*r + 5. Let o be x(-4). Suppose -4*w + o + 7 = 0. Calculate the greatest common divisor of w and 15.
3
Let i be (108/((-48)/8))/(4/(-6)). What is the greatest common divisor of 351 and i?
27
Let p be (-1 - -2)/(5/300*4). What is the greatest common divisor of 60 and p?
15
Suppose 6*a = 7*a. Suppose -4*o + a*o = 0. Suppose -h + 120 = -o*h. Calculate the greatest common factor of 48 and h.
24
Let y be (-2)/6 - (-7)/42*50. What is the highest common divisor of 72 and y?
8
Let r = -37 - -87. Suppose -6*n = -n - r. Let j be (-2)/n + 441/5. Calculate the greatest common divisor of 11 and j.
11
Let t = -8 + 9. Suppose -15 = 2*c - 23. Calculate the greatest common divisor of t and c.
1
Let f be 32 + ((-14)/10 - 8/(-20)). Suppose -5*i - 2*i + 1085 = 0. Calculate the highest common factor of i and f.
31
Suppose -y = -51 - 48. What is the greatest common factor of 264 and y?
33
Suppose -27 = n - 2*o, -2*o - 30 = 2*n + 42. Let y = n - -47. Calculate the highest common factor of y and 14.
14
Let s be 23640/105 - (-1)/(-7). Calculate the highest common factor of s and 50.
25
Let z = -840 - -905. What is the highest common divisor of 715 and z?
65
Let r = 2931 - 1351. What is the greatest common factor of r and 40?
20
Suppose -770 - 70 = -35*c. What is the greatest common divisor of c and 32?
8
Let z be -1 + 1 - (18 + -80). What is the highest common factor of 279 and z?
31
Let p = 3 - -6. Suppose 0 = -228*g + 253*g - 675. What is the greatest common factor of p and g?
9
Suppose -4*u + 5*u = 46. Let j(z) = -z**2 - 9*z - 6. Let s be j(-7). Suppose 3*b = 5*c - u, -3*b - b = s. What is the highest common divisor of c and 1?
1
Let h = 65 - 59. Suppose 7 + h = k. Calculate the highest common factor of k and 13.
13
Suppose 11*y = y + 600. What is the greatest common divisor of 96 and y?
12
Suppose -2*q + 84 = -4*a, -157*q + 154*q + 137 = 5*a. What is the highest common divisor of q and 550?
22
Let s = 20 - -17. Let h = -29 + s. Suppose -h*f - 315 = -13*f. Calculate the highest common divisor of f and 42.
21
Suppose 10098 = -10*n + 28*n. What is the highest common divisor of 85 and n?
17
Let k(u) = -3*u**3 + 2*u + 1. Let i be k(-2). Suppose -4*s + 27 = -i. Let x(n) = 109*n - 1. Let t be x(1). What is the greatest common divisor of s and t?
12
Suppose 0 = m - l - 778, -4*m - 5*l + 754 = -3*m. Calculate the highest common factor of 172 and m.
86
Let a = -419 + 451. What is the highest common divisor of a and 1424?
16
Suppose -1 = 4*o - 9. Suppose 5*y - 45 = -5*h, -y + o = -h + 7. Suppose 2*u + u - 3 = 0. Calculate the greatest common divisor of h and u.
1
Let x(q) = q**2 - 4*q - 4. Let z(t) = t**2 - 7*t + 9. Let a be z(5). Let m be x(a). Calculate the highest common divisor of m and 9.
1
Let d(x) = -2*x**3 - 11*x**2 + 6*x + 14. Let v be d(-6). Suppose 8 - 60 = -k. Let l = k - 10. What is the highest common factor of v and l?
14
Suppose -4*k + 40 = -0*x - x, 2*x = -2*k + 30. Let u be 570/18 - 3/(-9). Let q = u - -56. Calculate the greatest common factor of k and q.
11
Let v = 283 + -175. Calculate the highest common factor of 4 and v.
4
Suppose -22*d + 1294 = 414. What is the greatest common divisor of 135 and d?
5
Let n(j) = -j**3 + 101*j**2 - 2*j + 271. Let k be n(101). Let f(c) = -22*c**3 + 2*c**2 + c. Let i be f(-1). Calculate the highest common divisor of i and k.
23
Suppose -4*c = -0*c - 120. Let g = 45 - 42. Calculate the greatest common divisor of c and g.
3
Let o = -1 - -3. Suppose -2*j = 2*r - 0 - o, -4*j - 3*r = -4. What is the highest common factor of j and 2?
1
Let x be (-2)/(-8) - 143/44. Let q = x - -18. What is the greatest common factor of q and 5?
5
Let s = -97 - -98. Calculate the greatest common factor of s and 3.
1
Let p be (12/20)/((-1)/(-45)). Let c = p + -21. What is the greatest common factor of 6 and c?
6
Suppose -o = -4, 4*o = 5*z + o - 6438. What is the highest common factor of z and 30?
30
Suppose 0 = 2*y - 4, -5*x - 2*y + 71 = y. Suppose 2*l + x = 3*l + 4*p, -5*l = -p - 65. What is the greatest common factor of l and 91?
13
Let u = -5 - -7. Let i(a) = -3*a**u - 2*a**3 - 2*a**2 - a - 3*a**2 + 9 + 3*a**3. Let v be i(8). What is the highest common divisor of 11 and